6. What are the prime factors of j(-8)?
2, 3, 7, 59
Suppose -135 = -45*u + 36*u. What are the prime factors of (u + -7 - 7)*755?
5, 151
Suppose 0 = -23*p + 22*p. Suppose p = -49*q + 46*q + 9. What are the prime factors of (236/(-16))/(q/(-12))?
59
Let l(r) = -215 - 28*r + 25 + 103*r - 70. List the prime factors of l(14).
2, 5, 79
What are the prime factors of 2870/(-15)*-21 - (-8 + 7)?
4019
Suppose 5*n = 26*k - 22*k + 88166, -k = 4*n - 70558. List the prime factors of n.
2, 8819
Let w be 5/(0 + -1) - (-13 - -6). Suppose -418 = -5*l + w*h, 3*l - h - 226 = -6*h. List the prime factors of l.
2, 41
Let g(k) = 13*k - 83. Let z be g(12). Let m = z + 95. What are the prime factors of m?
2, 3, 7
List the prime factors of (3 - 0/(-8))/((-9)/(-105870)).
2, 5, 3529
Suppose -340489 = -170*w + 234961. List the prime factors of w.
5, 677
Suppose -347744 + 967172 = 41*o. What are the prime factors of o?
2, 3, 1259
Let f(i) = -5*i - 14. Let n be f(-5). Let a(d) = d**2 - 9*d - 1. Let x be a(n). List the prime factors of 29 + (-7)/(x/(-9)).
2
Suppose -4 = 26*u - 22*u. Let v be (-20)/5 - (u - -707). Let s = -504 - v. List the prime factors of s.
2, 103
Let r be -1 + (1096/2)/2. Suppose -335*p - d = -340*p - 777, p = 4*d - 144. Let m = r + p. What are the prime factors of m?
3, 13
Let j = -6398 + 11524. What are the prime factors of j?
2, 11, 233
Suppose 5 = -2*c - c + 5*g, -c + g = -1. Suppose 5*d - c = 60. Suppose d*h - 5*h = 1504. What are the prime factors of h?
2, 47
What are the prime factors of 15 - (-8411 + 6) - 7?
47, 179
Let k = -997 + 1014. Let r(n) = -5*n - 54 + 9*n + 4*n. List the prime factors of r(k).
2, 41
Let m(p) = 12*p**2 - 15. Let q be m(7). Suppose -7*y = -148 - q. List the prime factors of y.
103
Let x(m) = -9*m - 22. Let u(l) = -18*l - 42. Let z(b) = -6*u(b) + 13*x(b). Let n be z(-4). Suppose 0 = n*f + 124 - 630. What are the prime factors of f?
11, 23
Let b(i) = -43*i + 31*i + 7*i - 55*i - 157*i - 56. List the prime factors of b(-6).
2, 7, 89
Let m(b) = 141*b + 8. Let p(c) = c**2 - 11*c - 43. Let o be p(14). Let x be m(o). Let l = 209 + x. What are the prime factors of l?
2, 19
Let q(g) = -25 + 9 + 28*g**2 + 6 + 13 + 10*g. What are the prime factors of q(-3)?
3, 5
Let m = -5675 - -12007. List the prime factors of m.
2, 1583
Let g = -58278 + 88632. List the prime factors of g.
2, 3, 5059
Suppose -33*h - 2*h = -395920. What are the prime factors of h?
2, 7, 101
Let o = -250 + 228. What are the prime factors of (-15760)/(-25) + o/55?
2, 3, 5, 7
Let y(f) = -671*f - 143. List the prime factors of y(-12).
11, 719
Let d be 0 - -3*(-2)/(-3). Suppose -y - d*o + 676 = y, -3*y + 1014 = o. Suppose -58 = 4*u - y. What are the prime factors of u?
2, 5, 7
Let z = 116573 + -51488. List the prime factors of z.
3, 5, 4339
Let k = -32 + 90. Let c = k - 62. Let g(w) = w**3 + 11*w**2 + 5*w - 14. What are the prime factors of g(c)?
2, 3, 13
Let r(c) = -13*c + 5 - 10*c**2 + 1 + 2*c**3 + 8*c**3 - 7*c**3. What are the prime factors of r(6)?
2, 3
What are the prime factors of -892*24/240*(-5)/2?
223
What are the prime factors of (-2 - (-1898)/6)/((-48)/(-1008))?
7, 23, 41
Let n = 177 + -123. Let i = 162 - n. What are the prime factors of i?
2, 3
Let w(h) = -2*h**3 + 5*h**2 - 3*h. Let q be w(1). What are the prime factors of (3 + q)*10/15*177?
2, 3, 59
Suppose 2*k = 5*p - 33130, -k + 0*k = p - 6633. List the prime factors of p.
2, 1657
Let q(s) = -6*s + 124. Let o be q(20). Suppose -1111 = -6*n + 3*n + 5*p, 0 = o*n - 4*p - 1492. List the prime factors of n.
13, 29
Suppose 5*m - 73155 = -5*h, -19*m + 16*m + 29267 = 2*h. What are the prime factors of h?
2, 71, 103
Let t be 22/6 + 5/(-75)*-5. Suppose -5*y = 5*l - 2045, 2*l = l + t*y + 404. Suppose 5*x + 8*a = 4*a + l, -x + 72 = -4*a. List the prime factors of x.
2, 5
Let w = 15 + 46. Let k = w + -61. Suppose 3*x = -3, -3*g - 4*x = -k*x - 197. List the prime factors of g.
67
Suppose -53*j - 15 = -50*j, -9*h + 2*j - 26 = 0. Let k(s) be the first derivative of -31*s**2 + 2*s + 1. What are the prime factors of k(h)?
2, 5
Let h(u) = -66*u - 41. Let y be h(7). Let b = y - -836. List the prime factors of b.
3, 37
Suppose 279*i = 136*i + 138*i + 96630. What are the prime factors of i?
2, 3, 3221
Let l = -39 + 43. Let d(r) = r + l*r + 8*r + 53. List the prime factors of d(12).
11, 19
Let n = 409 - 407. Suppose 2*q - 672 = -n*w, -2*w + 259 = -5*q - 399. What are the prime factors of w?
2, 167
Suppose 3*q - 23535 = 3*x, -2*q - 40*x = -39*x - 15708. What are the prime factors of q?
3, 2617
Let l = 45 + -40. Suppose -4 + 9 = l*y. Let k(r) = 42*r + 2. List the prime factors of k(y).
2, 11
Let v = -25 - -198. Suppose -v*n + 180*n = 6727. What are the prime factors of n?
31
Suppose -4*m - 3*u + 32361 = 0, -4*m + 40450 = m + 4*u. What are the prime factors of m?
2, 3, 19, 71
Suppose -2047*x + 2016*x + 46748 = 0. What are the prime factors of x?
2, 13, 29
Let x = -1341 + 2440. List the prime factors of (-1)/(-2) + (-1)/((-2)/x).
2, 5, 11
Let t be (-2)/2 + (0 - -5) + -12. Let v be (-102)/t - (-14)/56. Suppose 1 - v = -4*j, 3*j = g - 80. List the prime factors of g.
89
Let b(w) = -w**3 + 2*w**2 + w + 4. Let a be 4/(-16)*2*(13 - -1). List the prime factors of b(a).
2, 3, 73
Suppose 3084 = -23*i + 26*i. Suppose -3*n + i = j, -12*j - 316 = -n - 7*j. List the prime factors of n.
11, 31
What are the prime factors of 3/7 + -2 + (-5665)/(-77)?
2, 3
Let b(r) = -r - 73*r + 29 - 38 + 31. What are the prime factors of b(-2)?
2, 5, 17
Suppose 0 = 31*r + 54 - 1201. Suppose -r*z + 2928 = -3510. List the prime factors of z.
2, 3, 29
Let g = -47 - -49. Let l be g + ((-200)/4 - 4). Let z = l - -136. List the prime factors of z.
2, 3, 7
Let t(d) = -72*d**3 + 6*d**2 - 100*d - 570. What are the prime factors of t(-6)?
2, 3, 2633
Suppose -6*v = -10 - 14. Suppose -2 = -g + f + v, -5*g - 2*f + 2 = 0. Suppose g*o = 185 - 49. List the prime factors of o.
2, 17
Suppose g + 3*f = 4*f - 46, -3*f = -g - 50. Let j = g - -92. Let s = j + -23. What are the prime factors of s?
5
Let y(w) = -3*w**3 + 5*w**2 + 14*w + 2. Let u(n) = 7*n**3 - 9*n**2 - 30*n - 5. Let g(p) = -4*u(p) - 9*y(p). What are the prime factors of g(-11)?
2, 5, 31
Let q(k) = 5*k**3 - 2*k**2 + 3*k - 3. Let l = -46 + 50. Suppose -3*j = 2*t + 2*t, -4*t - 2*j + l = 0. List the prime factors of q(t).
3, 41
Let l(b) = 2192*b**2 - 130*b - 544. List the prime factors of l(-4).
2, 13, 337
Let w(n) = 425*n**2 + 142*n + 6. What are the prime factors of w(6)?
2, 3, 2693
Let x(i) = -i**3 - 7*i**2 + 9*i - 2. Let p be x(-8). Let u be 4/p*(1 - 6). Suppose 0 = -5*t + 3*r + 577, r - 222 = -u*t - 0*t. List the prime factors of t.
113
Suppose 3*j = 2*r - 46587, 5*r - 3*j - 153566 = -37076. What are the prime factors of r?
3, 863
Let f(d) = d**2 - 19*d - 162. Let i be f(-6). Let b = i + 455. List the prime factors of b.
443
Suppose 3*j - 64265 = -5*s, -3*j = -j + 5*s - 42835. List the prime factors of j.
2, 5, 2143
Let a(q) = -q**3 + 10*q - 20. Let k be a(4). Let s = -42 - k. List the prime factors of s.
2
Let p(r) = r**2 - 55*r - 102. Let l be p(40). Let c = 706 + l. List the prime factors of c.
2
Suppose 0 = -2*w - 3*i + 14, -i = 4*i - 10. Suppose 0*c = -2*n + w*c + 838, 2*n = -2*c + 868. What are the prime factors of n?
3, 11, 13
Let l(s) = s + 46. Let i be l(-32). Suppose 4*n = 4, i*p - 3*n = 13*p + 928. List the prime factors of p.
7, 19
Let x(t) = 3439*t**3 + 2*t**2 + 7*t - 9. What are the prime factors of x(1)?
19, 181
Let n(q) = 3*q**2 + 14*q + 10. Let h be n(-5). Let i be 1 + h + (3 - 1). Let f = i + -1. What are the prime factors of f?
17
Let w(u) = -u**3 + 8*u**2 + 4*u - 37. Let c be w(8). List the prime factors of c*((-132864)/330 + (-12)/66).
2, 19, 53
Suppose -3*i - 2*i + 32 = 4*n, 0 = -i - 5*n + 19. Suppose 138 = i*f - 1426. What are the prime factors of f?
17, 23
Let d be (-16)/8 - (-2 + -4). Suppose d*t = -2*s + 798, 5*s - 675 = -2*t + 1344. List the prime factors of s.
3, 5
Let y be 6/(((-30)/8)/5). List the prime factors of (y - -9)*((-14340)/5)/(-3).
2, 239
Let t(g) = -g**3 - 3*g**2 - 2*g - 20. Let f be t(-4). Suppose 3*x - 3*p = 2493, 0*p = -5*x - f*p + 4191. What are the prime factors of x?
5, 167
List the prime factors of -1*(10 + 63452)/(-14).
3, 1511
Let o = 77 + 256. Let l = o + -162. What are 